401?
32377
In base 15, what is 86b5be - -1?
86b5c0
In base 12, what is -39 - -1aa?
171
In base 3, what is -1010221202 + 0?
-1010221202
In base 4, what is -30121001 - -1?
-30121000
In base 10, what is -4 + -236?
-240
In base 14, what is 2 - -a72c5?
a72c7
In base 15, what is 2 + 19e3?
19e5
In base 15, what is -10b7d - -2?
-10b7b
In base 7, what is 241516 - 4?
241512
In base 5, what is -4 - -230304?
230300
In base 12, what is -11236 + -13?
-11249
In base 12, what is 182a4 + 8?
182b0
In base 12, what is 203053 - 2?
203051
In base 14, what is -634d + -5?
-6354
In base 10, what is -9 + 13256?
13247
In base 6, what is 4352 + -21?
4331
In base 6, what is -1513 - -5212?
3255
In base 4, what is -3123 + 2333?
-130
In base 14, what is -9758 - -3?
-9755
In base 12, what is 254 - -2a9?
541
In base 9, what is 3 - -3738?
3742
In base 11, what is 45a26 - 47?
4598a
In base 11, what is -8 - -76a?
762
In base 16, what is -8 - 21bd0?
-21bd8
In base 15, what is -3 - 12b1?
-12b4
In base 10, what is -2936 + -113?
-3049
In base 10, what is 64919 - 2?
64917
In base 13, what is 552 - -4c?
5a1
In base 4, what is -10 - -110010001?
110003331
In base 6, what is 5351 - 150?
5201
In base 2, what is -1100010010100 + 100?
-1100010010000
In base 11, what is 3 + -79a9?
-79a6
In base 14, what is -1cd - 30?
-21d
In base 3, what is -11202 - -11120101?
11101122
In base 16, what is -1ab0 - 2?
-1ab2
In base 16, what is -1eedf - 1?
-1eee0
In base 6, what is 3 + 135423?
135430
In base 14, what is 121 + -16?
109
In base 13, what is -1 + 33bc?
33bb
In base 8, what is -665442 - -2?
-665440
In base 5, what is -3410011 - 23?
-3410034
In base 11, what is 1 - 67a15?
-67a14
In base 6, what is -2311112 - 31?
-2311143
In base 6, what is -5 + -1150222?
-1150231
In base 6, what is 32 + 12523?
12555
In base 5, what is -1 - -12331004?
12331003
In base 11, what is -25302 - -12?
-252a0
In base 8, what is -455361 + 2?
-455357
In base 14, what is -725449 + 0?
-725449
In base 12, what is 84a0 - 2?
849a
In base 8, what is -5 + -101467?
-101474
In base 7, what is 2 + 52626?
52631
In base 5, what is 43411331 - -3?
43411334
In base 15, what is -135d61 + -4?
-135d65
In base 7, what is 226305 + 5?
226313
In base 15, what is -3 + -3a4ee?
-3a502
In base 15, what is b80a - 11?
b7e9
In base 11, what is 7 + 3944?
3950
In base 12, what is 1a355 + 29?
1a382
In base 3, what is 2011201 - 220?
2010211
In base 2, what is 1010100 - 1111101111111?
-1111100101011
In base 14, what is -c2d6 + 0?
-c2d6
In base 5, what is 3 - 2040412?
-2040404
In base 8, what is 457 - 177?
260
In base 13, what is -22a + -cb3?
-1210
In base 7, what is -10402245 + -4?
-10402252
In base 9, what is 550 + 8351?
10011
In base 16, what is -2 - b21f?
-b221
In base 5, what is 4 - 2111044?
-2111040
In base 9, what is 251 - -132?
383
In base 11, what is 3 - 24700?
-246a8
In base 2, what is 110010111 - 1111?
110001000
In base 3, what is 22 - -121221011?
121221110
In base 2, what is 101110 + 101101111010?
101110101000
In base 16, what is d0880 - 1?
d087f
In base 16, what is -1b - -1959?
193e
In base 8, what is -322 - -723?
401
In base 5, what is -20 + 130210?
130140
In base 10, what is -5 - -95361?
95356
In base 14, what is 384 + b2?
456
In base 7, what is -4363 + 143?
-4220
In base 9, what is -31 - 50421?
-50452
In base 9, what is 12154 + 7?
12162
In base 12, what is 5 - -1212?
1217
In base 7, what is 5 + -45222?
-45214
In base 2, what is 111111110 - 11111000?
100000110
In base 7, what is -2562105 + 6?
-2562066
In base 4, what is -32 - 230233?
-230331
In base 2, what is -110100000010001 - 100?
-110100000010101
In base 12, what is 41 + -147a?
-1439
In base 16, what is f0f + -1a?
ef5
In base 2, what is 100 - 1100000101101101?
-1100000101101001
In base 15, what is -1 + 154b9?
154b8
In base 8, what is 14 + -12242?
-12226
In base 9, what is 38 + -2282?
-2243
In base 7, what is 55656 - -3?
55662
In base 10, what is -1175 - -121?
-1054
In base 7, what is 1621 + 2305?
4226
In base 14, what is -5 + -1d0?
-1d5
In base 6, what is -2032 + -33304?
-35340
In base 5, what is 10 + -30300?
-30240
In base 16, what is -5cb + 21?
-5aa
In base 5, what is -1241423 + 2?
-1241421
In base 3, what is 20100201 - -21?
20100222
In base 14, what is 8 + 156d9?
15703
In base 2, what is 11 + 1101111110110?
1101111111001
In base 15, what is 3 + 436c?
4370
In base 16, what is 20c - -17f0?
19fc
In base 4, what is 1211 + -3230100?
-3222223
In base 11, what is 76 - 21a3?
-2128
In base 15, what is -2e378 + 26?
-2e352
In base 11, what is -3 + -420029?
-420031
In base 3, what is -10202120112 + 1122?
-10202111220
In base 2, what is -1 - 111110001000000100?
-111110001000000101
In base 10, what is -20 + -51?
-71
In base 11, what is -2 + 6010?
6009
In base 4, what is 11 + 1022320?
1022331
In base 14, what is 303 + 66?
369
In base 13, what is 40 + 61c?
65c
In base 5, what is -14302402 + 3?
-14302344
In base 9, what is -1 + 14634?
14633
In base 5, what is -12 + -1122411?
-1122423
In base 4, what is 130 - 133211200?
-133211010
In base 8, what is 3100 + -2146?
732
In base 12, what is -2 + 1b5aa?
1b5a8
In base 9, what is -4 - 3064?
-3068
In base 5, what is 4 - -2340420?
2340424
In base 10, what is -49451 + -2?
-49453
In base 15, what is -4 + 2d2?
2cd
In base 2, what is -10001010101 - 0?
-10001010101
In base 3, what is -1002 - 2110011?
-2111020
In base 7, what is 421 + -2311?
-1560
In base 10, what is 117 + 8045?
8162
In base 13, what is 1 + 1193?
1194
In base 12, what is 10b - 56a2?
-5593
In base 8, what is 1 - -516570?
516571
In base 12, what is 0 - 8a09?
-8a09
In base 3, what is -100 - -1022110200?
1022110100
In base 8, what is 714 + 113?
1027
In base 16, what is -c61 - 4?
-c65
In base 16, what is -14d + 17?
-136
In base 5, what is -2424 + 101400?
43421
In base 8, what is -5 + 161062?
161055
In base 14, what is -5 + 5cb?
5c6
In base 15, what is -6163 - 0?
-6163
In base 15, what is 64 - 1082?
-101d
In base 3, what is -22202 - -1112?
-21020
In base 10, what is 7 + 154365?
154372
In base 10, what is 8 + -76705?
-76697
In base 13, what is 513 + -81?
462
In base 3, what is 21201210122 - -101?
21201211000
In base 16, what is -1c31a - 2?
-1c31c
In base 14, what is -5 - -34a43?
34a3c
In base 7, what is -2024662 - -10?
-2024652
In base 4, what is -11 + 3200133?
3200122
In base 13, what is -7a63 + 19?
-7a47
In base 6, what is -10421421 + 3?
-10421414
In base 12, what is -897 - a67?
-1742
In base 11, what is -84 - -a5a?
986
In base 5, what is 11233120 - -4?
11233124
In base 9, what is 5803 - -4?
5807
In base 5, what is -12 + 2113222?
2113210
In base 5, what is 10 + -11211?
-11201
In base 9, what is -3524 - 14?
-3538
In base 12, what is -128a - -b9?
-1191
In base 15, what is dd - 10ea?
-100c
In base 13, what is 3 - -389?
38c
In base 3, what is 20201121002220 + 11?
20201121010001
In base 5, what is 0 + 113033?
113033
In base 7, what is 12044561 - 4?
12044554
In base 15, what is -a56 - -70?
-9d6
In base 8, what is -4 + -77405?
-77411
In base 14, what is -3 - -14c0?
14bb
In base 4, what is 11 + 12010?
12021
In base 6, what is 3142455 - -2?
3142501
In base 5, what is -1222204 + -12?
-1222221
In base 4, what is 3 + 33101220?
33101223
In base 12, what is 104 - b?
b5
In base 12, what is 12 - 2008?
-1bb6
In base 3, what is -10211 + -1000110010?
-1000120221
In base 3, what is 101100220 - -21?
101101011
In base 15, what is -4 - -1245a?
12456
In base 5, what is 11140 - -1002?
12142
In base 8, what is 24215 - -1163?
25400
In base 14, what is 8547 + -10?
8537
In base 3, what is -1021 + 11212202?
11211111
In base 3, what is 122110120 + 12?
122110202
In base 7, what is 3 + 1350653?
1350656
In base 4, what is -311 - 11002032?
-11003003
In base 16, what is -b - d3ed?
-d3f8
In base 2, what is 11 - -100110111010000001?
100110111010000100
In base 3, what is -2 + 101102221?
101102212
In base 16, what is 27a8 - -7?
27af
In base 10, what is -1190 - 310?
-1500
In base 10, what is -45513 - -13?
-45500
In base 5, what is -42 - 21210?
-21302
In base 6, what is -3532125 + 4?
-3532121
In base 16, what is -37 + 324?
2ed
In base 7, what is 22 - -15155?
15210
In base 4, what is -1322 - 11321?
-13303
In base 8, what is 142 - 410?
-246
In base 15, what is -a07 - 3e?
-a46
In base 15, what is 52 + 19?
6b
In base 13, what is 9 + 15b8?
15c4
In base 